 3*r + 2*r - z = 0. Calculate the remainder when r is divided by d.
4
Let l = -72 - -106. Calculate the remainder when 96 is divided by l.
28
Let k be (44/(-12))/((-3)/(-18)). Let o = k - -43. What is the remainder when o is divided by 8?
5
Suppose -2*h - 4 = 5*t - 38, 5*h = 10. What is the remainder when 21 is divided by t?
3
Suppose 16 = 3*x + 2*i - 21, -x = 3*i - 24. What is the remainder when 25 is divided by x?
7
Suppose -6*z + 3*z + 18 = 0. Calculate the remainder when 17 is divided by z.
5
Calculate the remainder when 8 is divided by (4 + (-5 - -3))/(2/3).
2
Suppose 0 = -3*p - 5*g + 57, -2*p + 4*g + 38 = g. Calculate the remainder when 89 is divided by p.
13
Let c = -4 - -6. Suppose -70 = 5*u + a - 199, -c*u + 4*a + 56 = 0. What is the remainder when u is divided by -2 + (-2)/2 + 12?
8
Let b = -6 + 10. Suppose -z = -1 - b. Let c(n) = -n**3 - 12*n**2 + 10*n - 25. Calculate the remainder when c(-13) is divided by z.
4
Let y = 4 + -4. Suppose y = -5*t - 10, -2*h - 3*t = -0*h + 10. Let v = 2 - h. Calculate the remainder when 11 is divided by v.
3
Calculate the remainder when (-2)/(-3) + (-74)/(-6) is divided by 4.
1
Let h = -6 + 14. What is the remainder when 21 is divided by 1*h/1 - 0?
5
Let x = 67 - 8. Let k(r) = 11*r - 2. Calculate the remainder when x is divided by k(2).
19
Suppose -9*i + 11*i - 84 = 0. What is the remainder when i is divided by 9?
6
Suppose -3*q + 2*h - 3 = -3*h, 4*q - 19 = -h. Let d = -5 + q. Calculate the remainder when 4 is divided by (-2 - -4) + (-1)/d.
1
Let d = 104 - 90. What is the remainder when 22 is divided by d?
8
Let f = -2 - -2. Suppose 0*c + 4*c - 56 = f. Suppose -34 - 20 = -2*n. Calculate the remainder when n is divided by c.
13
Let v(b) = b**2 - b + 17. Calculate the remainder when 50 is divided by v(0).
16
Suppose -3*z + 0*x + 92 = 2*x, -2*z - 5*x + 43 = 0. Let g = -2 - -1. What is the remainder when z is divided by g/(-2) + (-140)/(-8)?
16
Let d(q) = 2*q + 22. What is the remainder when 12 is divided by d(-9)?
0
Suppose 5*a + 3*r - 189 = 0, 5*a - 183 = -26*r + 25*r. Calculate the remainder when a is divided by (-2)/(-8) + 75/4.
17
Let g = 117 + -112. Calculate the remainder when 21 is divided by g.
1
Suppose 4*a + 4 = 20. Suppose 6*j - a*j = 80. What is the remainder when j is divided by 14?
12
Let j = 1 - -3. What is the remainder when 16 is divided by 16/12*18/j?
4
Let v(l) = -l**3 - l**2 - 5*l - 2. Let j be (-2)/5 - 14/(-10). Suppose 2*g + j + 5 = 0. Calculate the remainder when v(g) is divided by 16.
15
Suppose 2*r + 146 = 4*r. Calculate the remainder when r is divided by 25.
23
Let g = 5 - 4. Let u(v) = -v**2 + 9*v - 7. What is the remainder when g is divided by u(8)?
0
Let j(r) = -3*r - 23. Calculate the remainder when 85 is divided by j(-15).
19
Calculate the remainder when 18 is divided by 4/(-10)*((-1 - 7) + -7).
0
Suppose -126 = -3*c - 5*w, 69 - 1 = 2*c - 2*w. Suppose 0 = -g - 15 + c. What is the remainder when g is divided by 6?
4
Let l = -14 + 23. What is the remainder when 33 is divided by l?
6
Suppose -8 = -4*j - 4*o, -1 = -2*j - 4*o + 9. Let b(k) be the first derivative of 7*k**3/3 + k**2/2 + 1. Calculate the remainder when 17 is divided by b(j).
5
Suppose 0 = -5*w - 1 + 516. What is the remainder when w is divided by 27?
22
Suppose -z = n - 5, -5*z + 6*n = 2*n + 2. Suppose 0 = -5*w + 3 + 7. What is the remainder when z is divided by w?
0
Suppose -87 = -4*h + n, -2*n - 30 = -h + n. Let o = -38 + 60. Let v = 34 - o. Calculate the remainder when h is divided by v.
9
Suppose 0*u - 1 = u. Let a = 2 - u. Suppose -b = -5*q + 66, 0*b = 4*q + a*b - 68. What is the remainder when q is divided by 8?
6
Let c(g) = g**2 + 14*g + 2. Let l be (-91)/7 + (-6)/2. What is the remainder when c(l) is divided by 12?
10
Let r = -52 - -95. Calculate the remainder when r is divided by 60/3 - -1*2.
21
Let b(f) be the third derivative of -f**4/24 - f**3/3 + 5*f**2. What is the remainder when 12 is divided by b(-9)?
5
Let i(a) = 2*a**3 - 2*a**2 - 2*a - 1. Calculate the remainder when 115 is divided by i(3).
28
Suppose 261 = h + 2*h. Suppose 3*y = -4*z + 66, -4*y - 8*z + h = -3*z. What is the remainder when 53 is divided by y?
17
Let w(g) = 3*g. Let d be w(2). Suppose 9 = -d*r + 3*r + 5*a, 5*r + 3*a = -15. What is the remainder when 29 is divided by 4/(-6)*(r - 12)?
9
Let k(h) = h**3 + 6*h**2 - 9*h - 8. Let f(x) = -2*x**2 - 2*x - 3. Let s be f(-2). What is the remainder when 23 is divided by k(s)?
5
Calculate the remainder when (-2 + 7)*(-86)/(-5) is divided by 22.
20
Suppose -100 = -3*o - o. Calculate the remainder when o is divided by (-4)/2 - 18/(-2).
4
Suppose -29 = 4*a - 4*x + 23, -5*x = 2*a + 19. Let f = a + 23. What is the remainder when 43 is divided by f?
10
Let w(n) = -22*n**2 - 2*n**3 + 17*n**2 + 3*n**3 + 3*n + 4*n - 5. What is the remainder when 11 is divided by w(4)?
4
Suppose -5*h = -3*w - 4*h - 135, 5*h = 0. Let p = 73 + w. Suppose p - 82 = -3*o - 3*r, 2*r - 59 = -3*o. What is the remainder when 67 is divided by o?
21
Suppose -25 = -2*v + 37. What is the remainder when 121 is divided by v?
28
Let m(x) = -x**3 - 5*x**2 - 5*x + 2. What is the remainder when 79 is divided by m(-5)?
25
Let x = 14 + -10. Suppose -x*b = -10 - 2. Calculate the remainder when 7 is divided by b.
1
Let k = -37 + 84. Suppose 0 = 3*m - k - 7. What is the remainder when 35 is divided by m?
17
Let g(z) = -z**2 + 10*z - 9. Let t be g(7). Suppose -3*w - 2*q = -15, 21 = 2*w + 5*q - 0. Calculate the remainder when 1 is divided by (t/(-18))/((-2)/w).
0
Let u be (-2)/4*0/2. Suppose 4*k + 27 = 3. Let b = u - k. What is the remainder when 10 is divided by b?
4
Suppose -169 = -9*x + 47. Calculate the remainder when 237 is divided by x.
21
Suppose -2*r + 19 = -u, 0 = 2*r - 8 - 2. Let y(q) = -6*q - 4. What is the remainder when y(u) is divided by -1 - -1 - (2 + -19)?
16
Let a = -25 + 63. What is the remainder when a is divided by 28?
10
Let i = 59 - -2. Let p = i + -34. Calculate the remainder when p is divided by 7.
6
Let s = 11 - -5. Suppose -3*i - 2*d = -2*i - 61, 0 = -2*i - d + 125. What is the remainder when i is divided by s?
15
Let v(p) be the third derivative of p**5/60 + p**4/24 + 4*p**3/3 + p**2. Calculate the remainder when v(0) is divided by 3.
2
Let y = -24 - -66. Suppose 5*f = 3*f + y. What is the remainder when 40 is divided by f?
19
Suppose 0*x = 6*x - 114. What is the remainder when x is divided by 5?
4
What is the remainder when 1146/(-36)*-2 + (-1)/(-3) is divided by 22?
20
Let x(r) = -r + 5. Let l be x(0). Calculate the remainder when 18 is divided by (l/2)/((-15)/(-30)).
3
Suppose -11*d + 12 = -10*d. What is the remainder when 23 is divided by d?
11
Let l(m) = -2*m**3 + 2*m**2 - 3*m + 2. Let i be l(2). Let b = 11 - 19. Calculate the remainder when (-41)/(-3) - b/i is divided by 4.
1
Let a = -200 + 213. Let t = -3 - -3. Suppose -43 = -x - h, -2*x + h + h + 66 = t. Calculate the remainder when x is divided by a.
12
Let f(p) = p + 8. Suppose -16 = -4*l, 4*l = 3*n + 7*l - 12. Suppose 5*z - z = 88. Calculate the remainder when z is divided by f(n).
6
Let p(w) = -w**3 - 3*w**2 + 2*w - 14. Let u = -2 - -9. What is the remainder when p(-5) is divided by u?
5
Let s = 60 + 57. Let r = -64 + s. Calculate the remainder when r is divided by 27.
26
Let s be ((-3)/2)/((-6)/8). Let g = 5 + -1. Suppose -s*t - 20 = -3*h - 7*t, 0 = -g*h + t + 19. Calculate the remainder when 14 is divided by h.
4
Let m be ((-12)/10)/(5/250). Let z = 88 + m. Suppose -2*g + 2*l = -28, l - z = -5*g + 42. What is the remainder when 40 is divided by g?
12
Suppose -16 + 0 = -4*z. Suppose 5*r = -n - 7, 2*n + z*r - 2 = 2*r. Suppose 3*i = 3*h + 6, -n*i + 2 = -2*h - 8. What is the remainder when 11 is divided by i?
5
Let f = 27 + -5. What is the remainder when f is divided by 13?
9
Suppose 2*u = -5*b + 43, -3*b + 32 = 3*u - 1. Calculate the remainder when 54 is divided by b.
5
Suppose 22*c = 17*c + 55. Let r be (-1)/2*2*13. What is the remainder when c is divided by r/(-5) - 2/(-5)?
2
Let g be 1 + 3/(15/125). Let x = g - 23. Suppose 0 = 5*v - h - 6 - 23, v + h - 7 = 0. Calculate the remainder when v is divided by x.
0
Let j(f) = -2*f**2 + 41*f + 28. What is the remainder when 24 is divided by j(21)?
3
Let m = 8 + -33. Let p = m + 41. What is the remainder when 